he greatest common divisor of 1323 and j?
27
Let r(y) = -2*y + 3*y - y - 2 + y. Let s be r(8). What is the highest common factor of 12 and s?
6
Let n(s) = -s**3 - s**2 - s - 1. Let f(p) = 2*p**3 + 8*p**2 + 4*p + 4. Let t(w) = f(w) + 3*n(w). Let k be t(5). What is the highest common factor of k and 12?
6
Suppose -186 = 10*a - 4*a. Let r = a - -21. Let u be (1 + 7)/((-5)/r). What is the highest common factor of 48 and u?
16
Let h = -420 - -465. What is the highest common divisor of h and 105?
15
Let s be (15/(-6))/(3/(-12)). Let r = 22 - s. Let j(o) = 3*o - 3. Let a be j(5). What is the greatest common factor of r and a?
12
Suppose 5*s - 1559 - 746 = 5*n, -2*s = 2*n - 942. Calculate the highest common divisor of s and 2.
2
Let d be (-6790)/(-30) + 2/3. Suppose 4*f - d = t, 0 = f + 4*t - 9*t - 71. Calculate the highest common divisor of 14 and f.
14
Suppose -3*n + 4*n = 36. Suppose -2*z = f - 10, -3*z + 20 = 9*f - 5*f. Let g be -1 - (-2 - z - -1). Calculate the highest common divisor of n and g.
4
Let a(s) be the third derivative of -s**4/2 - 4*s**3/3 - 6*s**2. Let g be a(-4). Calculate the greatest common factor of 10 and g.
10
Let x = 339 - 312. What is the highest common factor of x and 324?
27
Let f be (19/((-228)/(-80)))/((-4)/(-30)). Suppose -i + 6*i = 625. Calculate the highest common factor of i and f.
25
Suppose -4*f = -28 - 4. Let j(c) = -c**2 - 16*c - 7. Let w be j(-9). What is the highest common factor of w and f?
8
Let t = -19 - -27. Let u(x) = 3*x. Let j be u(t). Calculate the highest common factor of j and 60.
12
Suppose -5*o + 340 - 260 = 0. Calculate the greatest common factor of o and 144.
16
Let r = -516 + 547. Calculate the greatest common factor of r and 1147.
31
Let j(c) be the first derivative of c**4/4 + 7*c**3/3 - c**2 - 3*c + 2. Let p be j(-3). Suppose -f + p = 3. Calculate the highest common factor of 18 and f.
18
Let c = -879 - -1209. What is the highest common divisor of 45 and c?
15
Let o(k) = -5*k - 6. Let j be o(-2). Suppose 73 = 2*m - 5*n, -106 = -2*m - m + j*n. Suppose 0*v - v + 17 = 0. What is the highest common factor of m and v?
17
Let v = 108 - 102. Let z be v/21 - 1160/(-56). What is the highest common divisor of 105 and z?
21
Let b(x) = x**3 - 11*x**2 + 9*x + 12. Let q be b(10). Suppose 0*p + 2*p - 4*u = q, -4*p - u + 22 = 0. Calculate the highest common factor of p and 10.
5
Let k(q) = -q**2 + 5*q - 2. Let u be k(4). Suppose 6 = 2*r + 24. Let w be u/r + (-26960)/(-144). Calculate the highest common divisor of w and 17.
17
Let s = 3 - 1. Let n be (s/(-4))/((-3)/72). Calculate the highest common factor of 8 and n.
4
Let i(a) = a**3 - 4*a**2 - 9. Let n be i(5). What is the highest common divisor of n and 1104?
16
Let k be 10/40 + (-811)/(-4). Calculate the greatest common factor of k and 7.
7
Suppose 5*o = 2*c + 23, o - 6*c = -7*c - 1. Suppose -n + 3*q + 99 = 0, -2*q = -2*n - o*q + 163. What is the highest common divisor of n and 24?
12
Let f = 11 + -9. Suppose 5*w = -f*c + 53, c - 37 - 2 = -5*w. Calculate the greatest common factor of 112 and c.
14
Let b = -202 - -249. Calculate the greatest common divisor of 47 and b.
47
Let z = 14 - 10. Let t(c) = -11 - 73*c + 154*c + 2 - 78*c. Let m be t(z). What is the highest common divisor of m and 24?
3
Let n = 20 + 0. Suppose -i - 196 = 2*g, 2*i + 2*i = -2*g - 208. Let f = 100 + g. What is the highest common factor of n and f?
4
Let c = 38 - 34. Let j(z) = 3*z**3 + 3*z**2 - z - 2. Let v be j(2). Calculate the highest common factor of c and v.
4
Let i be ((0 - -3) + (-102)/(-15))*25. What is the highest common divisor of i and 25?
5
Suppose 3*h + 5 = 3 + 17. Let f be ((-1)/(-2))/((-2)/(-184)). Let y = f - 31. Calculate the highest common divisor of y and h.
5
Let p(q) = -q**3 + 6*q**2 - 18. Let r be p(4). Calculate the highest common factor of 294 and r.
14
Let w(u) = -41*u + 647. Let n be w(15). What is the highest common factor of 288 and n?
32
Suppose -69 = -3*p - 9. Suppose 5*x - p = 10*x. Let c be 1 - (x - (-1 + 4)). Calculate the highest common divisor of 1 and c.
1
Suppose 58 + 40 = p. Let x = p - 84. What is the highest common divisor of 21 and x?
7
Let o be 2/(-6) + (-16)/(-3). Suppose j + b = 2*b + 46, -4*b + 221 = o*j. What is the greatest common divisor of 9 and j?
9
Suppose 2*r + g - 141 = 0, 5*r + 3*g + 41 = 396. Calculate the highest common factor of r and 238.
34
Let y(t) = -t**3 + 7*t**2 + 42*t + 3. Let c be y(-4). Calculate the greatest common factor of 13 and c.
1
Let j be (-44)/66 - 4/(-6). Suppose j*p = 7*p - 105. What is the greatest common divisor of p and 165?
15
Let s(b) = 28*b - 112. Let c be s(5). What is the highest common divisor of 14 and c?
14
Let v(i) = -i + 14. Let d be v(8). Let x be 124/d + 32/(-48). Suppose 3*q + x = 7*q. Calculate the highest common factor of q and 35.
5
Let z = -4 + 12. Suppose -2*c + 96 - z = 0. Suppose 2*i = 2*k + 2, 0 = 5*k - k + 4*i - 36. What is the greatest common factor of c and k?
4
Let w(z) = 2*z**2 + 31*z - 47. Let q be w(-20). Calculate the greatest common divisor of q and 14.
7
Let z(c) = c**3 - 7*c**2 + 15*c - 29. Let y be z(7). What is the greatest common divisor of y and 57?
19
Let h(c) = 3*c + 11. Let x be 18*4*(-1)/(-3). Let l = -19 + x. Let w be h(l). Calculate the highest common factor of 26 and w.
26
Let m(r) = 3*r**2 + 14*r + 55. Let t be m(-10). What is the greatest common divisor of 43 and t?
43
Suppose 34*k - 36*k + 68 = 0. Calculate the greatest common divisor of 1462 and k.
34
Let w = -185 + 193. Calculate the greatest common divisor of w and 1.
1
Let j(f) = f**3 + 10*f**2 - 14*f - 9. Suppose -4*d = s + 19, 2*s + d + 20 = 2*d. Let c be j(s). What is the highest common factor of c and 108?
12
Suppose 4*u - 63 = -l + 5*u, 0 = -2*u. What is the greatest common factor of l and 84?
21
Let t be 230/(-69)*372/(-10). Calculate the greatest common factor of t and 93.
31
Let t = 13 + -7. Suppose -5*v + t - 21 = -4*q, -25 = -5*v. Suppose -s = 2*s - 60. What is the highest common factor of s and q?
10
Let g = -2647 - -4612. What is the greatest common divisor of g and 15?
15
Let m(v) be the third derivative of -v**5/60 + v**4/24 + 13*v**3/6 + 11*v**2. Let b be m(0). Calculate the highest common divisor of b and 65.
13
Let m = 416 - 411. What is the greatest common factor of 365 and m?
5
Let t = 345 - 309. What is the greatest common factor of 156 and t?
12
Suppose -6*c + 2*c = 4*x + 8, -3 = x. What is the greatest common divisor of c and 13?
1
Suppose 2*u - 3*u - 13 = 0. Let s = 21 + u. Let c be (-5*6/35)/(9/(-42)). Calculate the highest common factor of c and s.
4
Let b be 1*16 + (-4 - 4). Calculate the greatest common factor of 140 and b.
4
Suppose k + 0 = 2. Suppose -k*g = -q - 20, -3*g + 2*g = -3*q - 20. Calculate the greatest common factor of g and 8.
8
Let r(m) = 2*m - 7. Let j be r(5). Let o(q) = q**3 + 7*q**2 - 9*q - 54. Let z be o(-7). Calculate the greatest common divisor of j and z.
3
Suppose -24*l = -376 + 64. Suppose 4*g + 234 = l*g. Let p(h) = h**3 - h**2 - 2*h - 1. Let k be p(4). Calculate the highest common divisor of k and g.
13
Let d = -1880 - -1885. What is the highest common divisor of d and 2095?
5
Let m(p) = 5*p**2 - 120*p + 11. Let o be m(24). Calculate the greatest common divisor of 77 and o.
11
Let u(d) = d**3 + 14*d**2 - 4*d + 4. Let s be u(-15). Let t be 2/(-4) + s/(-2). Suppose 17*j - 41 - 129 = 0. Calculate the highest common factor of t and j.
10
Suppose -8 = x - 12. Suppose x*i - 3*o + 765 = 8*i, -o = 4*i - 759. Calculate the greatest common divisor of 21 and i.
21
Suppose -4*k - 2 + 14 = 0. Suppose -k*a - 4*n = -8*n - 68, -a + 36 = -4*n. What is the highest common divisor of 24 and a?
8
Let o(i) = i**3 + 6*i**2 + 19*i + 227. Let f be o(-7). What is the highest common divisor of 720 and f?
45
Let b(f) = -f**3 + 9*f**2 - 78. Let m be b(6). What is the greatest common divisor of m and 930?
30
Let d(s) = s**3 + 14*s**2 - 5*s + 2. Let r(i) = -i**2 - i - 1. Let c(o) = d(o) + 6*r(o). Let k be c(-9). Calculate the greatest common factor of 7 and k.
7
Suppose 0 = -3*q + 2*z - 3, -3*q - 18 = -q + 4*z. Let g = q + 4. Let y(t) = 79*t - 2. Let c be y(g). Calculate the greatest common factor of c and 7.
7
Let a(w) = -w**2 + 8*w + 5. Let l be a(4). Calculate the highest common f